34) prime?
True
Suppose -558*p + 546*p + 2675076 = 0. Is p prime?
False
Let s = -111687 - -162784. Is s a composite number?
True
Suppose 55*b - 50*b + 7820748 = 4*z, 0 = -8*z + 4*b + 15641448. Is z a composite number?
True
Let z(g) = g**2 - 80*g - 85. Is z(-54) a composite number?
False
Suppose -10 = 45*q - 40*q - 2*n, 4*q = -2*n + 10. Suppose -143*r + 144*r - 45515 = q. Is r composite?
True
Let k = 1421 + 977. Let f = -77 + k. Is f prime?
False
Let g(j) = 6*j + 2. Let n be g(0). Suppose -5*m + n*v = 4*v + 14766, 3*m = 2*v - 8866. Let d = m + 4855. Is d composite?
False
Is ((-164914)/(-8))/((-5)/(-100)*5) prime?
True
Suppose -24865621 = -32*l - 4838517. Is l a prime number?
False
Let p = 50 - 44. Suppose 2*a = 16 - p. Suppose -2*z - 184 = -a*l, -3*l - 2*l + z + 187 = 0. Is l composite?
True
Suppose 125*m + 767069 - 2660130 = 116946564. Is m prime?
True
Suppose -18*a - 17205 = -3525. Let k = -17550 + 25917. Let p = a + k. Is p composite?
False
Suppose 5*h + 13442 = 87702. Suppose -45876 - h = -8*i. Is i prime?
True
Let f = 19939 - -41764. Is f a prime number?
True
Let b(l) = 927*l**2 - 19*l - 33. Let z be b(10). Suppose -z = -11*m + 4*m. Is m composite?
True
Suppose 16*j + 16098 + 13758 = 0. Let l = j + 3275. Is l a composite number?
False
Is ((-6)/3 - (-131695)/35) + (-4)/(-14) a prime number?
True
Suppose -59842 = 3*x - 180805 - 165144. Is x prime?
True
Let r = 1745300 - 638581. Is r a composite number?
True
Suppose 3*j - 10 = -5*k + 20, -j + 10 = 5*k. Is 2082 + (1 + -4 - j/(-5)) composite?
False
Let y(s) = -2*s + 17. Let n be y(11). Let x be (28/35)/((-1)/n). Suppose -x*q - 218 = -5*r, -150 = -r - 2*r - 4*q. Is r composite?
True
Let s(m) be the third derivative of -3*m**5/20 + m**3/6 + 2*m**2. Let h be s(-1). Is 380/h*14/(-5) composite?
True
Let v(g) = -3*g + 30. Let i be v(12). Let z(s) = -4*s**3 + 2*s**2 - 17*s + 9. Is z(i) a prime number?
False
Suppose -5*k = -663 - 442. Suppose -t = -5*s - 2499, -3*s - 1720 = -t - k. Let f = 2241 - s. Is f a prime number?
True
Suppose 3*q = f + 6*q, 0 = -2*f - 2*q - 4. Is (-3536)/(-8) + f + 0 a prime number?
True
Suppose -2*m = 2*m + 4*x + 5864, 0 = 5*m + 4*x + 7325. Let h = 729 + m. Let n = 1433 + h. Is n a prime number?
True
Let q(n) = -n**3 - 12*n**2 + 11*n - 59. Suppose 0 = -4*p + 5*c - 80, -4*p = 3*c - 3 + 51. Is q(p) a prime number?
False
Suppose -85*y = -429*y + 189605576. Is y composite?
False
Let w(z) = 7045*z - 9. Let g = -159 - -161. Is w(g) a composite number?
False
Let l be (4/6*-1)/((-2)/9). Let h = 66 - 46. Is ((-2095)/h)/(l/(-12)) a prime number?
True
Let r = -92572 + 164009. Is r prime?
True
Let w = 36 - 34. Suppose -4*o + w = -10. Suppose 261 + 84 = o*m. Is m composite?
True
Suppose -26 = -3*i - 2*q, -2*i + q - 3*q + 18 = 0. Suppose i*g = 26189 + 46547. Suppose -30102 = -10*u - g. Is u prime?
False
Is (-1252875)/(-35) - ((-8)/(-7))/(-2) prime?
True
Suppose -2*h = 4*l - 42, 0 = l - 12*h + 10*h - 23. Suppose -l*t - 48349 = -20*t. Is t composite?
False
Let s(i) = 283*i**2 - 6*i - 6. Suppose -10*c = -4*w - 11*c + 25, -5*c + 30 = w. Is s(w) a composite number?
False
Suppose -3*z + 1322231 = 4*s, 3*s + 3471 - 3450 = 0. Is z a prime number?
True
Let z = -704 - -709. Suppose -n = -z*w + 32103, -17*n + 14*n = -4*w + 25678. Is w prime?
True
Let w(g) = 9828*g - 541. Is w(11) composite?
True
Let x be 1*32451*7/(-105)*-5. Let p = 860 + x. Is p a prime number?
True
Let o(f) = 1510*f**2 + 3*f - 8. Is o(-7) a composite number?
False
Let i(n) = -1399*n**3 + 5*n**2 + 17*n - 82. Is i(-5) a composite number?
True
Let a(m) be the second derivative of -m**4/12 + 6*m**3 + 19*m**2 - 541*m - 5. Let v be 234/14 - 4/(-14). Is a(v) a composite number?
True
Let h(n) = 8*n + 1399. Let g be h(0). Suppose -3*j = -4*b - 5*j - 3632, -b = j + 908. Let f = g + b. Is f prime?
True
Suppose 0 = -20*c + 1472630 - 499170. Is c prime?
True
Let c(s) = 3884*s - 6959. Is c(12) composite?
True
Let m = -252533 + 372790. Is m composite?
True
Suppose 0 = 53*q - 50*q - 9. Suppose -q*n - 42290 = -2*o, -50980 = -2*o + 5*n - 8682. Is o a composite number?
False
Let v = -232 - -1266. Suppose 7*x = 1283 + v. Is x prime?
True
Is (4215*-102 - 4)*8/(-16) a prime number?
True
Suppose 11*g = 2*a + 8*g - 1611, -3*g = 4*a - 3267. Let m = a - -1052. Is m prime?
False
Suppose 1506 + 13014 = 30*k. Suppose -3 - 15 = -2*z. Suppose -5*f + z*f = k. Is f prime?
False
Let y(q) = 8 + 8 + 3 - q + 1. Let a be y(13). Suppose -11*n + a*n + 524 = 0. Is n composite?
False
Is 0 - -4 - (-958288)/16 a prime number?
False
Let w = 37 + -38. Let f = 3 + w. Is 1164 - (-6 + f + 1) a prime number?
False
Let y = 146 + -138. Suppose -y*g + 36*g = 30268. Is g prime?
False
Suppose 4*o - 5602 - 4370 = -4*f, 9968 = 4*o + 2*f. Is o a composite number?
True
Let l(h) = -h**2 - 2*h + 5. Let u(k) = k**2 + 8*k - 20. Let m be u(-10). Let b be l(m). Suppose -2*n = -5*a + b - 41, 113 = 5*n - a. Is n prime?
True
Suppose 3*r = 12 - 0. Suppose 4*o - 3*o - 5*k = 3071, -2*o = -r*k - 6160. Suppose 5*n + o = 7*n. Is n composite?
False
Let h(y) = 20786*y**3 + y**2 - y. Let v be h(1). Suppose 0 = 14*o + 1116 - v. Is o a prime number?
False
Suppose -11*t = -13*t + 6, 3*w - t - 19857 = 0. Is ((-38)/4 - -8)/((-6)/w) composite?
True
Suppose -27 = 3*b, -5*w - 6*b + 5101365 = -26*b. Is w a composite number?
True
Suppose 0 = -6*c + 8148 + 9990. Let j be -2 + c + 5 + -2 - 1. Let z = 4366 - j. Is z composite?
True
Is (((-112)/12)/(-7))/(8/1543242) a composite number?
True
Suppose 0*d + 1059 = 9*d + 16098. Suppose 0 = k - 2*k - 497. Let x = k - d. Is x a prime number?
False
Let f(c) = 10*c - 17 - 8*c**2 - c**3 + 39 - 7*c**2 - c. Let k = -1252 + 1236. Is f(k) a composite number?
True
Let q be 1 + -1 - (9 + -9). Suppose 0 = -5*l - 3*n + 7039 + 17278, q = -2*l - n + 9726. Is l a prime number?
True
Suppose -4*b + 29 = k, 0 = 3*b - 4*b + 4*k - 14. Let i be -6 + -2 + b - 3*1. Is 1 - -115*(-50)/i a composite number?
False
Suppose -3*x = -5*j - 688036, -4*j - 154 + 182 = 0. Is x composite?
True
Let d = 105426 + -62275. Is d a prime number?
True
Suppose -5*y + 14633 = 3978. Let g = -1064 + y. Is g a composite number?
True
Let t(j) = -26090*j + 427. Is t(-2) a prime number?
False
Let v be ((-40254)/9 - 1)/(5/60). Is ((-11)/33)/(-2 + v/(-26844)) a composite number?
False
Is ((0 - -6) + (2364334/70)/(-1))*-5 prime?
True
Let v = -56 - -62. Suppose -v*o + 20 = -2*o. Suppose 0 = 5*t + 4*c - 1889, 0 = t + o*c - 147 - 214. Is t a prime number?
False
Let o be 51 + 3 - 2 - (-1 - -5). Is 3224/o + (-3)/18 a composite number?
False
Let a(c) = -17458*c**3 - 3*c**2 - 24*c - 19. Is a(-2) a composite number?
False
Let f(y) = -y**2 + 4*y + 49. Let z be f(9). Suppose 3*r + 3 = -z*w, w + 4*r = -3*w - 8. Suppose -w*x = 141 - 408. Is x composite?
False
Let q(y) = -18*y + 54. Let a be q(-8). Suppose 0 = n - 181 - a. Is n a prime number?
True
Suppose 2*j = 5*j - 1416. Suppose 2177 = -21*c + 20678. Let d = c - j. Is d a prime number?
True
Let l = -42 + 46. Suppose l*f + 5*w - 646 = f, -2*f - 2*w = -432. Let r = f + 394. Is r a prime number?
False
Suppose 11*g = 68*g - 19849053. Is g a prime number?
False
Let i = 3589 - 2528. Suppose -3*o + 1654 + i = 0. Is o composite?
True
Let a be (-63344)/(-3) + (80/15)/(-8). Suppose 2*f = 5*x - 34981, 5*x + 3*f - 13877 - a = 0. Is x a composite number?
False
Let i be -1*((-24022)/(-4))/((-27)/(-162)). Is 4 - (i - (-1 - 7)) composite?
True
Let v be (4/14 - (-428)/(-28)) + -1. Let x be 2377 + (-7)/(28/v). Suppose -i + 2*j + x = 0, -i - 3*j = i - 4727. Is i a composite number?
False
Let f(g) = 212*g**2 - 5*g + 47. Let v(d) = 106*d**2 - 2*d + 23. Let i(l) = -2*f(l) + 5*v(l). Is i(8) a prime number?
False
Let d(r) = -2*r. Let u be d(-1). Suppose 0 = u*l - 4, -94 + 1482 = 2*t - 5*l. Let v = t + -40. Is v a composite number?
False
Is (-16 + 323323/(-34))/(2/(-28)) a composite number?
True
Let a = -4187 - -2718. Let o = 6992 - a. Is o a composite number?
False
Suppose 0 = 4*u + 3*b - 11, 0*u - 5*u + 19 = 2*b. Suppose -4*p + 0*z + 9952 = -z, 0 = -3*p - u*z + 7441. Let c = 3542 - p. Is c prime?
False
Suppose 3*t = -73 - 59. Let p = 56 + t. Is (-4)/(p/1839)*(1 - 2) a prime number?
True
Let k(v) = -2*v**3 + v + 1. Let m be k(-1). Let s(q) = 50 - m*q + 13 + 6. Is s(0) prime?
False
Suppose f = -z + 9, -z - 43 